{"id":275,"date":"2021-03-29T11:09:41","date_gmt":"2021-03-29T14:09:41","guid":{"rendered":"http:\/\/10.101.10.196\/siisc\/?page_id=275"},"modified":"2022-03-31T08:44:07","modified_gmt":"2022-03-31T11:44:07","slug":"formularios","status":"publish","type":"page","link":"https:\/\/siisc.fica.unsl.edu.ar\/index.php\/formularios\/","title":{"rendered":"Formularios"},"content":{"rendered":"\t\t<div data-elementor-type=\"wp-page\" data-elementor-id=\"275\" class=\"elementor elementor-275\">\n\t\t\t\t\t\t<section class=\"elementor-section elementor-top-section elementor-element elementor-element-ef4e20c elementor-section-full_width elementor-section-height-default elementor-section-height-default exad-glass-effect-no exad-sticky-section-no\" data-id=\"ef4e20c\" data-element_type=\"section\" data-e-type=\"section\">\n\t\t\t\t\t\t<div class=\"elementor-container elementor-column-gap-default\">\n\t\t\t\t\t<div class=\"elementor-column elementor-col-100 elementor-top-column elementor-element elementor-element-b1c3043 exad-glass-effect-no exad-sticky-section-no\" data-id=\"b1c3043\" data-element_type=\"column\" data-e-type=\"column\">\n\t\t\t<div class=\"elementor-widget-wrap elementor-element-populated\">\n\t\t\t\t\t\t<div class=\"elementor-element elementor-element-b1719ab exad-sticky-section-no exad-glass-effect-no elementor-widget elementor-widget-exad-exclusive-accordion\" data-id=\"b1719ab\" data-element_type=\"widget\" data-e-type=\"widget\" data-widget_type=\"exad-exclusive-accordion.default\">\n\t\t\t\t<div class=\"elementor-widget-container\">\n\t\t\t\t\t    \r\n        <div class=\"exad-accordion-items\">\r\n        \t\r\n                <div class=\"exad-accordion-single-item elementor-repeater-item-f806f09\">\r\n                    <div class=\"exad-accordion-title active-default\">\r\n\r\n\t\t\t\t\t\t\r\n                        <h3 class=\"exad-accordion-heading\">\r\n\t\t\t\t\t\t\r\n\t\t\t\t\t\t\tVIATICOS\t\t\t\t\t\t\t\r\n\t\t\t\t\t\t<\/h3>\r\n\r\n                                                    <div class=\"exad-active-inactive-icon\">\r\n                                                                    <span class=\"exad-active-icon\">\r\n                                        <i aria-hidden=\"true\" class=\"fas fa-angle-up\"><\/i>                                    <\/span>                            \r\n                                                                                                    <span class=\"exad-inactive-icon\">\r\n                                        <i aria-hidden=\"true\" class=\"fas fa-angle-down\"><\/i>                                    <\/span>\r\n                                                            <\/div>\r\n                                            <\/div>\r\n\r\n                    <div class=\"exad-accordion-content\">\r\n                        <div class=\"exad-accordion-content-wrapper has-image-no image-position-right\">\r\n                            <div class=\"exad-accordion-text\">\r\n                                <div> <ul><li><strong><a href=\"https:\/\/siisc.fica.unsl.edu.ar\/archivos\/Solicitud%20de%20Vi%c3%a1ticos-Form.docx\">Formulario - Solicitud de Vi\u00e1ticos<\/a><\/strong><\/li><li><a href=\"https:\/\/siisc.fica.unsl.edu.ar\/index.php\/viaticos\/\" target=\"_blank\" rel=\"noopener\">Ver tabla de montos a abonar en concepto de vi\u00e1tico diario<\/a><\/li><li><a href=\"https:\/\/siisc.fica.unsl.edu.ar\/archivos\/RES%20N%c2%ba%20290-19-Vi%c3%a1ticos.pdf\" target=\"_blank\" rel=\"noopener\"><strong>Resoluci\u00f3n R. N\u00b0<\/strong> 290\/19 - Valores Vi\u00e1ticos<\/a><\/li><li><a href=\"https:\/\/siisc.fica.unsl.edu.ar\/wp-content\/uploads\/2022\/03\/RR-105-22-Actualizacion-Valores-Viaticos.pdf\" target=\"_blank\" rel=\"noopener\"><strong>Resoluci\u00f3n R.N\u00ba<\/strong> 105\/22 -\u00a0 Actualizaci\u00f3n Valores Vi\u00e1ticos<\/a><\/li><\/ul><\/div>\r\n                                                            <\/div>\r\n\r\n                            \r\n                        <\/div>\r\n                    <\/div>\r\n                <\/div>\r\n                            \r\n                <div class=\"exad-accordion-single-item elementor-repeater-item-0be6ebb\">\r\n                    <div class=\"exad-accordion-title active-default\">\r\n\r\n\t\t\t\t\t\t\r\n                        <h3 class=\"exad-accordion-heading\">\r\n\t\t\t\t\t\t\r\n\t\t\t\t\t\t\tDDJJ - Acreditaci\u00f3n Cuenta Bancaria\t\t\t\t\t\t\t\r\n\t\t\t\t\t\t<\/h3>\r\n\r\n                                                    <div class=\"exad-active-inactive-icon\">\r\n                                                                    <span class=\"exad-active-icon\">\r\n                                        <i aria-hidden=\"true\" class=\"fas fa-angle-up\"><\/i>                                    <\/span>                            \r\n                                                                                                    <span class=\"exad-inactive-icon\">\r\n                                        <i aria-hidden=\"true\" class=\"fas fa-angle-down\"><\/i>                                    <\/span>\r\n                                                            <\/div>\r\n                                            <\/div>\r\n\r\n                    <div class=\"exad-accordion-content\">\r\n                        <div class=\"exad-accordion-content-wrapper has-image-no image-position-right\">\r\n                            <div class=\"exad-accordion-text\">\r\n                                <div> <ul><li><a href=\"https:\/\/siisc.fica.unsl.edu.ar\/archivos\/DDJJ-CBU-instructivo-FICA.pdf\" target=\"_blank\" rel=\"noopener\">Instructivo<\/a><\/li><li><strong><a href=\"https:\/\/siisc.fica.unsl.edu.ar\/archivos\/DDJJ%20CBU-FICA.xlsx\">Formulario - Declaraci\u00f3n Jurada<\/a><\/strong><\/li><\/ul><\/div>\r\n                                                            <\/div>\r\n\r\n                            \r\n                        <\/div>\r\n                    <\/div>\r\n                <\/div>\r\n                                                <\/div>\r\n\t\t\t\t\t<\/div>\n\t\t\t\t<\/div>\n\t\t\t\t\t<\/div>\n\t\t<\/div>\n\t\t\t\t\t<\/div>\n\t\t<\/section>\n\t\t\t\t<section class=\"elementor-section elementor-top-section elementor-element elementor-element-1da901e elementor-section-boxed elementor-section-height-default elementor-section-height-default exad-glass-effect-no exad-sticky-section-no\" data-id=\"1da901e\" data-element_type=\"section\" data-e-type=\"section\">\n\t\t\t\t\t\t<div class=\"elementor-container elementor-column-gap-default\">\n\t\t\t\t\t<div class=\"elementor-column elementor-col-100 elementor-top-column elementor-element elementor-element-e06e17d exad-glass-effect-no exad-sticky-section-no\" data-id=\"e06e17d\" data-element_type=\"column\" data-e-type=\"column\">\n\t\t\t<div class=\"elementor-widget-wrap elementor-element-populated\">\n\t\t\t\t\t\t<div class=\"elementor-element elementor-element-e9d9922 exad-sticky-section-no exad-glass-effect-no elementor-widget elementor-widget-spacer\" data-id=\"e9d9922\" data-element_type=\"widget\" data-e-type=\"widget\" data-widget_type=\"spacer.default\">\n\t\t\t\t<div class=\"elementor-widget-container\">\n\t\t\t\t\t\t\t<div class=\"elementor-spacer\">\n\t\t\t<div class=\"elementor-spacer-inner\"><\/div>\n\t\t<\/div>\n\t\t\t\t\t\t<\/div>\n\t\t\t\t<\/div>\n\t\t\t\t\t<\/div>\n\t\t<\/div>\n\t\t\t\t\t<\/div>\n\t\t<\/section>\n\t\t\t\t<\/div>\n\t\t","protected":false},"excerpt":{"rendered":"<p>VIATICOS Formulario &#8211; Solicitud de Vi\u00e1ticos Ver tabla de montos a abonar en concepto de vi\u00e1tico diario Resoluci\u00f3n R. N\u00b0 290\/19 &#8211; Valores Vi\u00e1ticos Resoluci\u00f3n&hellip;<\/p>\n","protected":false},"author":4,"featured_media":0,"parent":0,"menu_order":0,"comment_status":"closed","ping_status":"closed","template":"elementor_header_footer","meta":{"_monsterinsights_skip_tracking":false,"_monsterinsights_sitenote_active":false,"_monsterinsights_sitenote_note":"","_monsterinsights_sitenote_category":0,"footnotes":""},"class_list":["post-275","page","type-page","status-publish","hentry"],"yoast_head":"<!-- This site is optimized with the Yoast SEO plugin v27.6 - https:\/\/yoast.com\/product\/yoast-seo-wordpress\/ -->\n<title>Formularios - Subsecretar\u00eda de Infraestructura, Inform\u00e1tica y Servicios Comunes<\/title>\n<meta name=\"robots\" content=\"index, follow, max-snippet:-1, max-image-preview:large, max-video-preview:-1\" \/>\n<link rel=\"canonical\" href=\"https:\/\/siisc.fica.unsl.edu.ar\/index.php\/formularios\/\" \/>\n<meta property=\"og:locale\" content=\"es_ES\" \/>\n<meta property=\"og:type\" content=\"article\" \/>\n<meta property=\"og:title\" content=\"Formularios - Subsecretar\u00eda de Infraestructura, Inform\u00e1tica y Servicios Comunes\" \/>\n<meta property=\"og:description\" content=\"VIATICOS Formulario &#8211; Solicitud de Vi\u00e1ticos Ver tabla de montos a abonar en concepto de vi\u00e1tico diario Resoluci\u00f3n R. N\u00b0 290\/19 &#8211; Valores Vi\u00e1ticos Resoluci\u00f3n&hellip;\" \/>\n<meta property=\"og:url\" content=\"https:\/\/siisc.fica.unsl.edu.ar\/index.php\/formularios\/\" \/>\n<meta property=\"og:site_name\" content=\"Subsecretar\u00eda de Infraestructura, Inform\u00e1tica y Servicios Comunes\" \/>\n<meta property=\"article:modified_time\" content=\"2022-03-31T11:44:07+00:00\" \/>\n<meta name=\"twitter:card\" content=\"summary_large_image\" \/>\n<meta name=\"twitter:label1\" content=\"Tiempo de lectura\" \/>\n\t<meta name=\"twitter:data1\" content=\"1 minuto\" \/>\n<script type=\"application\/ld+json\" class=\"yoast-schema-graph\">{\"@context\":\"https:\\\/\\\/schema.org\",\"@graph\":[{\"@type\":\"WebPage\",\"@id\":\"https:\\\/\\\/siisc.fica.unsl.edu.ar\\\/index.php\\\/formularios\\\/\",\"url\":\"https:\\\/\\\/siisc.fica.unsl.edu.ar\\\/index.php\\\/formularios\\\/\",\"name\":\"Formularios - Subsecretar\u00eda de Infraestructura, Inform\u00e1tica y Servicios Comunes\",\"isPartOf\":{\"@id\":\"https:\\\/\\\/siisc.fica.unsl.edu.ar\\\/#website\"},\"datePublished\":\"2021-03-29T14:09:41+00:00\",\"dateModified\":\"2022-03-31T11:44:07+00:00\",\"breadcrumb\":{\"@id\":\"https:\\\/\\\/siisc.fica.unsl.edu.ar\\\/index.php\\\/formularios\\\/#breadcrumb\"},\"inLanguage\":\"es-AR\",\"potentialAction\":[{\"@type\":\"ReadAction\",\"target\":[\"https:\\\/\\\/siisc.fica.unsl.edu.ar\\\/index.php\\\/formularios\\\/\"]}]},{\"@type\":\"BreadcrumbList\",\"@id\":\"https:\\\/\\\/siisc.fica.unsl.edu.ar\\\/index.php\\\/formularios\\\/#breadcrumb\",\"itemListElement\":[{\"@type\":\"ListItem\",\"position\":1,\"name\":\"Inicio\",\"item\":\"https:\\\/\\\/siisc.fica.unsl.edu.ar\\\/\"},{\"@type\":\"ListItem\",\"position\":2,\"name\":\"Formularios\"}]},{\"@type\":\"WebSite\",\"@id\":\"https:\\\/\\\/siisc.fica.unsl.edu.ar\\\/#website\",\"url\":\"https:\\\/\\\/siisc.fica.unsl.edu.ar\\\/\",\"name\":\"Subsecretar\u00eda de Infraestructura, Inform\u00e1tica y Servicios Comunes\",\"description\":\"SIISC\",\"publisher\":{\"@id\":\"https:\\\/\\\/siisc.fica.unsl.edu.ar\\\/#organization\"},\"potentialAction\":[{\"@type\":\"SearchAction\",\"target\":{\"@type\":\"EntryPoint\",\"urlTemplate\":\"https:\\\/\\\/siisc.fica.unsl.edu.ar\\\/?s={search_term_string}\"},\"query-input\":{\"@type\":\"PropertyValueSpecification\",\"valueRequired\":true,\"valueName\":\"search_term_string\"}}],\"inLanguage\":\"es-AR\"},{\"@type\":\"Organization\",\"@id\":\"https:\\\/\\\/siisc.fica.unsl.edu.ar\\\/#organization\",\"name\":\"SAC- Secretar\u00eda Administrativa FICA\",\"url\":\"https:\\\/\\\/siisc.fica.unsl.edu.ar\\\/\",\"logo\":{\"@type\":\"ImageObject\",\"inLanguage\":\"es-AR\",\"@id\":\"https:\\\/\\\/siisc.fica.unsl.edu.ar\\\/#\\\/schema\\\/logo\\\/image\\\/\",\"url\":\"https:\\\/\\\/i1.wp.com\\\/sad.fica.unsl.edu.ar\\\/wp-content\\\/uploads\\\/2021\\\/05\\\/SAD-logo.png?fit=4483%2C1231\",\"contentUrl\":\"https:\\\/\\\/i1.wp.com\\\/sad.fica.unsl.edu.ar\\\/wp-content\\\/uploads\\\/2021\\\/05\\\/SAD-logo.png?fit=4483%2C1231\",\"width\":4483,\"height\":1231,\"caption\":\"SAC- Secretar\u00eda Administrativa FICA\"},\"image\":{\"@id\":\"https:\\\/\\\/siisc.fica.unsl.edu.ar\\\/#\\\/schema\\\/logo\\\/image\\\/\"}}]}<\/script>\n<!-- \/ Yoast SEO plugin. -->","yoast_head_json":{"title":"Formularios - Subsecretar\u00eda de Infraestructura, Inform\u00e1tica y Servicios Comunes","robots":{"index":"index","follow":"follow","max-snippet":"max-snippet:-1","max-image-preview":"max-image-preview:large","max-video-preview":"max-video-preview:-1"},"canonical":"https:\/\/siisc.fica.unsl.edu.ar\/index.php\/formularios\/","og_locale":"es_ES","og_type":"article","og_title":"Formularios - Subsecretar\u00eda de Infraestructura, Inform\u00e1tica y Servicios Comunes","og_description":"VIATICOS Formulario &#8211; Solicitud de Vi\u00e1ticos Ver tabla de montos a abonar en concepto de vi\u00e1tico diario Resoluci\u00f3n R. N\u00b0 290\/19 &#8211; Valores Vi\u00e1ticos Resoluci\u00f3n&hellip;","og_url":"https:\/\/siisc.fica.unsl.edu.ar\/index.php\/formularios\/","og_site_name":"Subsecretar\u00eda de Infraestructura, Inform\u00e1tica y Servicios Comunes","article_modified_time":"2022-03-31T11:44:07+00:00","twitter_card":"summary_large_image","twitter_misc":{"Tiempo de lectura":"1 minuto"},"schema":{"@context":"https:\/\/schema.org","@graph":[{"@type":"WebPage","@id":"https:\/\/siisc.fica.unsl.edu.ar\/index.php\/formularios\/","url":"https:\/\/siisc.fica.unsl.edu.ar\/index.php\/formularios\/","name":"Formularios - Subsecretar\u00eda de Infraestructura, Inform\u00e1tica y Servicios Comunes","isPartOf":{"@id":"https:\/\/siisc.fica.unsl.edu.ar\/#website"},"datePublished":"2021-03-29T14:09:41+00:00","dateModified":"2022-03-31T11:44:07+00:00","breadcrumb":{"@id":"https:\/\/siisc.fica.unsl.edu.ar\/index.php\/formularios\/#breadcrumb"},"inLanguage":"es-AR","potentialAction":[{"@type":"ReadAction","target":["https:\/\/siisc.fica.unsl.edu.ar\/index.php\/formularios\/"]}]},{"@type":"BreadcrumbList","@id":"https:\/\/siisc.fica.unsl.edu.ar\/index.php\/formularios\/#breadcrumb","itemListElement":[{"@type":"ListItem","position":1,"name":"Inicio","item":"https:\/\/siisc.fica.unsl.edu.ar\/"},{"@type":"ListItem","position":2,"name":"Formularios"}]},{"@type":"WebSite","@id":"https:\/\/siisc.fica.unsl.edu.ar\/#website","url":"https:\/\/siisc.fica.unsl.edu.ar\/","name":"Subsecretar\u00eda de Infraestructura, Inform\u00e1tica y Servicios Comunes","description":"SIISC","publisher":{"@id":"https:\/\/siisc.fica.unsl.edu.ar\/#organization"},"potentialAction":[{"@type":"SearchAction","target":{"@type":"EntryPoint","urlTemplate":"https:\/\/siisc.fica.unsl.edu.ar\/?s={search_term_string}"},"query-input":{"@type":"PropertyValueSpecification","valueRequired":true,"valueName":"search_term_string"}}],"inLanguage":"es-AR"},{"@type":"Organization","@id":"https:\/\/siisc.fica.unsl.edu.ar\/#organization","name":"SAC- Secretar\u00eda Administrativa FICA","url":"https:\/\/siisc.fica.unsl.edu.ar\/","logo":{"@type":"ImageObject","inLanguage":"es-AR","@id":"https:\/\/siisc.fica.unsl.edu.ar\/#\/schema\/logo\/image\/","url":"https:\/\/i1.wp.com\/sad.fica.unsl.edu.ar\/wp-content\/uploads\/2021\/05\/SAD-logo.png?fit=4483%2C1231","contentUrl":"https:\/\/i1.wp.com\/sad.fica.unsl.edu.ar\/wp-content\/uploads\/2021\/05\/SAD-logo.png?fit=4483%2C1231","width":4483,"height":1231,"caption":"SAC- Secretar\u00eda Administrativa FICA"},"image":{"@id":"https:\/\/siisc.fica.unsl.edu.ar\/#\/schema\/logo\/image\/"}}]}},"_links":{"self":[{"href":"https:\/\/siisc.fica.unsl.edu.ar\/index.php\/wp-json\/wp\/v2\/pages\/275","targetHints":{"allow":["GET"]}}],"collection":[{"href":"https:\/\/siisc.fica.unsl.edu.ar\/index.php\/wp-json\/wp\/v2\/pages"}],"about":[{"href":"https:\/\/siisc.fica.unsl.edu.ar\/index.php\/wp-json\/wp\/v2\/types\/page"}],"author":[{"embeddable":true,"href":"https:\/\/siisc.fica.unsl.edu.ar\/index.php\/wp-json\/wp\/v2\/users\/4"}],"replies":[{"embeddable":true,"href":"https:\/\/siisc.fica.unsl.edu.ar\/index.php\/wp-json\/wp\/v2\/comments?post=275"}],"version-history":[{"count":105,"href":"https:\/\/siisc.fica.unsl.edu.ar\/index.php\/wp-json\/wp\/v2\/pages\/275\/revisions"}],"predecessor-version":[{"id":1494,"href":"https:\/\/siisc.fica.unsl.edu.ar\/index.php\/wp-json\/wp\/v2\/pages\/275\/revisions\/1494"}],"wp:attachment":[{"href":"https:\/\/siisc.fica.unsl.edu.ar\/index.php\/wp-json\/wp\/v2\/media?parent=275"}],"curies":[{"name":"wp","href":"https:\/\/api.w.org\/{rel}","templated":true}]}}